{"id":1719,"date":"2025-11-12T12:02:35","date_gmt":"2025-11-12T11:02:35","guid":{"rendered":"https:\/\/dreamonmed.com\/?page_id=1719"},"modified":"2025-11-13T15:43:13","modified_gmt":"2025-11-13T14:43:13","slug":"dr-sarvari-katalin","status":"publish","type":"page","link":"https:\/\/dreamonmed.com\/de\/team\/dr-sarvari-katalin\/","title":{"rendered":"Dr. S\u00e1rv\u00e1ri Katalin"},"content":{"rendered":"\n<div class=\"wp-block-stackable-columns stk-block-columns stk--hide-tablet stk--hide-mobile stk-block stk-f6b3205\" data-block-id=\"f6b3205\"><div class=\"stk-row stk-inner-blocks stk-block-content stk-content-align stk-f6b3205-column\">\n<div class=\"wp-block-stackable-column stk-block-column stk-column stk-block stk-77d5049\" data-v=\"4\" data-block-id=\"77d5049\"><div class=\"stk-column-wrapper stk-block-column__content stk-container stk-77d5049-container stk--no-background stk--no-padding\"><div class=\"stk-block-content stk-inner-blocks stk-77d5049-inner-blocks\">\n<div class=\"wp-block-stackable-image stk-block-image stk-block stk-2c89047\" data-block-id=\"2c89047\"><style>.stk-2c89047 .stk-img-wrapper{width:100% !important;}.stk-2c89047 .stk-img-wrapper img{border-radius:20px !important;object-position:45% 27% !important;}<\/style><figure><span class=\"stk-img-wrapper stk-image--shape-stretch\"><img fetchpriority=\"high\" decoding=\"async\" class=\"stk-img wp-image-1682\" src=\"https:\/\/dreamonmed.com\/wp-content\/uploads\/2025\/11\/dr-sarvari-katalin-facharztin-fur-chirurgie-und-gefaschirurgie-dreamonmed.webp\" width=\"450\" height=\"675\" alt=\"Dr S\u00e1rv\u00e1ri Katalin, Fach\u00e4rztin f\u00fcr Chirurgie und Gef\u00e4\u00dfchirurgie, Dream On Med plastic\" srcset=\"https:\/\/dreamonmed.com\/wp-content\/uploads\/2025\/11\/dr-sarvari-katalin-facharztin-fur-chirurgie-und-gefaschirurgie-dreamonmed.webp 450w, https:\/\/dreamonmed.com\/wp-content\/uploads\/2025\/11\/dr-sarvari-katalin-facharztin-fur-chirurgie-und-gefaschirurgie-dreamonmed-200x300.webp 200w\" sizes=\"(max-width: 450px) 100vw, 450px\" \/><\/span><\/figure><\/div>\n<\/div><\/div><\/div>\n\n\n\n<div class=\"wp-block-stackable-column stk-block-column stk-column stk-block stk-c52b172\" data-v=\"4\" data-block-id=\"c52b172\"><div class=\"stk-column-wrapper stk-block-column__content stk-container stk-c52b172-container stk--no-background stk--no-padding\"><div class=\"stk-block-content stk-inner-blocks stk-c52b172-inner-blocks\">\n<div class=\"wp-block-stackable-heading stk-block-heading stk-block-heading--v2 stk-block stk-028b0e8\" id=\"facharztin-fur-chirurgie-und-gefasschirurgie\" data-block-id=\"028b0e8\"><style>.stk-028b0e8 .stk-block-heading__text{font-size:25px !important;}@media screen and (max-width:999px){.stk-028b0e8 .stk-block-heading__text{font-size:25px !important;}}@media screen and (max-width:689px){.stk-028b0e8 .stk-block-heading__text{font-size:22px !important;}}<\/style><h2 class=\"stk-block-heading__text\">Fach\u00e4rztin f\u00fcr Chirurgie und Gef\u00e4\u00dfchirurgie<\/h2><\/div>\n\n\n\n<div class=\"wp-block-stackable-text stk-block-text stk-block stk-d92f314\" data-block-id=\"d92f314\"><p class=\"stk-block-text__text\">Ich bin Dr. S\u00e1rv\u00e1ri Katalin, Fach\u00e4rztin f\u00fcr Chirurgie und Gef\u00e4\u00dfchirurgie.<\/p><\/div>\n\n\n\n<p>Mein Medizinstudium habe ich an der Medizinischen Fakult\u00e4t der Universit\u00e4t P\u00e9cs abgeschlossen. W\u00e4hrend meines Studiums war ich wissenschaftliche Mitarbeiterin und Demonstratorin am Institut f\u00fcr Chirurgische Lehre und Forschung.<\/p>\n\n\n\n<p>Seit September 2015 arbeite ich in der Abteilung f\u00fcr Gef\u00e4\u00dfchirurgie des Universit\u00e4tsklinik Petz Alad\u00e1r in Gy\u0151r-Moson-Sopron. Im Jahr 2021 habe ich meine Facharztpr\u00fcfung in Chirurgie und im Jahr 2025 in Gef\u00e4\u00dfchirurgie mit der Note \u201esehr gut\u201d abgeschlossen.<\/p>\n\n\n\n<p>Im Rahmen meiner t\u00e4glichen Arbeit bin ich aktiv in der Arbeit der Abteilung f\u00fcr Gef\u00e4\u00dfchirurgie und der Fachambulanz f\u00fcr Gef\u00e4\u00dfchirurgie sowie im Bereitschaftsdienst t\u00e4tig. Ich habe Erfahrung in der Untersuchung, Versorgung und chirurgischen Behandlung von Patienten mit Gef\u00e4\u00dfverengungen, in der Therapie chronischer Wunden und diabetischer F\u00fc\u00dfe sowie in der chirurgischen und konservativen Behandlung von Krampfadern.<\/p>\n\n\n\n<p>Zuvor war ich in der chirurgischen Abteilung und im chirurgischen Bereitschaftsdienst t\u00e4tig und habe in einer privaten Einrichtung als Assistentin bei plastischen und chirurgischen Eingriffen mitgewirkt.<\/p>\n\n\n\n<p>Ich habe eine h\u00f6here Fachpr\u00fcfung in Englisch abgelegt und spreche au\u00dferdem Deutsch auf Konversationsniveau.<\/p>\n\n\n\n<p>Als Mitglied des Dream On Med-Teams konzentriere ich mich haupts\u00e4chlich auf die Behandlung und chirurgische Versorgung von Patienten mit Krampfadern sowie auf die Behandlung von Besenreisern und Krampfadern, die \u00e4sthetische Probleme verursachen.<\/p>\n<\/div><\/div><\/div>\n<\/div><\/div>\n\n\n\n<div class=\"wp-block-stackable-columns stk-block-columns stk--hide-desktop stk-block stk-7766453\" data-block-id=\"7766453\"><div class=\"stk-row stk-inner-blocks stk-block-content stk-content-align stk-7766453-column\">\n<div class=\"wp-block-stackable-column stk-block-column stk-column stk-block stk-f93d2ef\" data-v=\"4\" data-block-id=\"f93d2ef\"><div class=\"stk-column-wrapper stk-block-column__content stk-container stk-f93d2ef-container stk--no-background stk--no-padding\"><div class=\"stk-block-content stk-inner-blocks stk-f93d2ef-inner-blocks\">\n<div class=\"wp-block-stackable-image stk-block-image stk-block stk-a4fb7bf\" data-block-id=\"a4fb7bf\"><style>.stk-a4fb7bf .stk-img-wrapper{width:100% !important;}.stk-a4fb7bf .stk-img-wrapper img{border-radius:20px !important;object-position:45% 27% !important;}<\/style><figure><span class=\"stk-img-wrapper stk-image--shape-stretch\"><img fetchpriority=\"high\" decoding=\"async\" class=\"stk-img wp-image-1682\" src=\"https:\/\/dreamonmed.com\/wp-content\/uploads\/2025\/11\/dr-sarvari-katalin-facharztin-fur-chirurgie-und-gefaschirurgie-dreamonmed.webp\" width=\"450\" height=\"675\" alt=\"Dr S\u00e1rv\u00e1ri Katalin, Fach\u00e4rztin f\u00fcr Chirurgie und Gef\u00e4\u00dfchirurgie, Dream On Med plastic\" srcset=\"https:\/\/dreamonmed.com\/wp-content\/uploads\/2025\/11\/dr-sarvari-katalin-facharztin-fur-chirurgie-und-gefaschirurgie-dreamonmed.webp 450w, https:\/\/dreamonmed.com\/wp-content\/uploads\/2025\/11\/dr-sarvari-katalin-facharztin-fur-chirurgie-und-gefaschirurgie-dreamonmed-200x300.webp 200w\" sizes=\"(max-width: 450px) 100vw, 450px\" \/><\/span><\/figure><\/div>\n<\/div><\/div><\/div>\n\n\n\n<div class=\"wp-block-stackable-column stk-block-column stk-column stk-block stk-8543836\" data-v=\"4\" data-block-id=\"8543836\"><div class=\"stk-column-wrapper stk-block-column__content stk-container stk-8543836-container stk--no-background stk--no-padding\"><div class=\"stk-block-content stk-inner-blocks stk-8543836-inner-blocks\">\n<div class=\"wp-block-stackable-heading stk-block-heading stk-block-heading--v2 stk-block stk-74717d5\" id=\"facharztin-fur-chirurgie-und-gefasschirurgie\" data-block-id=\"74717d5\"><style>.stk-74717d5 .stk-block-heading__text{font-size:25px !important;}@media screen and (max-width:999px){.stk-74717d5 .stk-block-heading__text{font-size:25px !important;}}@media screen and (max-width:689px){.stk-74717d5 .stk-block-heading__text{font-size:22px !important;}}<\/style><h2 class=\"stk-block-heading__text\">Fach\u00e4rztin f\u00fcr Chirurgie und Gef\u00e4\u00dfchirurgie<\/h2><\/div>\n\n\n\n<div class=\"wp-block-stackable-text stk-block-text stk-block stk-c95abf8\" data-block-id=\"c95abf8\"><p class=\"stk-block-text__text\">Ich bin Dr. S\u00e1rv\u00e1ri Katalin, Fach\u00e4rztin f\u00fcr Chirurgie und Gef\u00e4\u00dfchirurgie.<\/p><\/div>\n\n\n\n<p>Mein Medizinstudium habe ich an der Medizinischen Fakult\u00e4t der Universit\u00e4t P\u00e9cs abgeschlossen. W\u00e4hrend meines Studiums war ich wissenschaftliche Mitarbeiterin und Demonstratorin am Institut f\u00fcr Chirurgische Lehre und Forschung.<\/p>\n\n\n\n<p>Seit September 2015 arbeite ich in der Abteilung f\u00fcr Gef\u00e4\u00dfchirurgie des Universit\u00e4tsklinik Petz Alad\u00e1r in Gy\u0151r-Moson-Sopron. Im Jahr 2021 habe ich meine Facharztpr\u00fcfung in Chirurgie und im Jahr 2025 in Gef\u00e4\u00dfchirurgie mit der Note \u201esehr gut\u201d abgeschlossen.<\/p>\n\n\n\n<p>Im Rahmen meiner t\u00e4glichen Arbeit bin ich aktiv in der Arbeit der Abteilung f\u00fcr Gef\u00e4\u00dfchirurgie und der Fachambulanz f\u00fcr Gef\u00e4\u00dfchirurgie sowie im Bereitschaftsdienst t\u00e4tig. Ich habe Erfahrung in der Untersuchung, Versorgung und chirurgischen Behandlung von Patienten mit Gef\u00e4\u00dfverengungen, in der Therapie chronischer Wunden und diabetischer F\u00fc\u00dfe sowie in der chirurgischen und konservativen Behandlung von Krampfadern.<\/p>\n\n\n\n<p>Zuvor war ich in der chirurgischen Abteilung und im chirurgischen Bereitschaftsdienst t\u00e4tig und habe in einer privaten Einrichtung als Assistentin bei plastischen und chirurgischen Eingriffen mitgewirkt.<\/p>\n\n\n\n<p>Ich habe eine h\u00f6here Fachpr\u00fcfung in Englisch abgelegt und spreche au\u00dferdem Deutsch auf Konversationsniveau.<\/p>\n\n\n\n<p>Als Mitglied des Dream On Med-Teams konzentriere ich mich haupts\u00e4chlich auf die Behandlung und chirurgische Versorgung von Patienten mit Krampfadern sowie auf die Behandlung von Besenreisern und Krampfadern, die \u00e4sthetische Probleme verursachen.<\/p>\n<\/div><\/div><\/div>\n<\/div><\/div>\n\n\n\n<h2 class=\"wp-block-heading\">Wenden Sie sich auch bei folgenden Beschwerden und Problemen vertrauensvoll an mich:<\/h2>\n\n\n\n<ul class=\"wp-block-list\">\n<li>Venenentz\u00fcndung<\/li>\n\n\n\n<li>Chronische Veneninsuffizienz, postthrombotisches Syndrom<\/li>\n\n\n\n<li>Untersuchung und Behandlung von Gef\u00e4\u00dfverengungen<\/li>\n\n\n\n<li>Gangst\u00f6rungen, Claudicatio<\/li>\n\n\n\n<li>Karotisstenose<\/li>\n\n\n\n<li>Arterienerweiterungen (Aneurysmen)<\/li>\n\n\n\n<li>Befundbesprechung<\/li>\n\n\n\n<li>Fach\u00e4rztliche Empfehlung, Verschreibung<\/li>\n<\/ul>\n\n\n\n<p>In einer ruhigen, sicheren Umgebung erwarte ich meine lieben Patienten, um ihnen nach einer gr\u00fcndlichen Untersuchung mit einem individuell abgestimmten Behandlungsplan wieder zu einem leichteren Alltag zu verhelfen!<\/p>\n","protected":false},"excerpt":{"rendered":"<p>Fach\u00e4rztin f\u00fcr Chirurgie und Gef\u00e4\u00dfchirurgie Ich bin Dr. S\u00e1rv\u00e1ri Katalin, Fach\u00e4rztin f\u00fcr Chirurgie und Gef\u00e4\u00dfchirurgie. Mein Medizinstudium habe ich an der Medizinischen Fakult\u00e4t der Universit\u00e4t P\u00e9cs abgeschlossen. W\u00e4hrend meines Studiums war ich wissenschaftliche Mitarbeiterin und Demonstratorin am Institut f\u00fcr Chirurgische Lehre und Forschung. Seit September 2015 arbeite ich in der Abteilung f\u00fcr Gef\u00e4\u00dfchirurgie des Universit\u00e4tsklinik [&hellip;]<\/p>\n","protected":false},"author":6,"featured_media":0,"parent":1299,"menu_order":0,"comment_status":"closed","ping_status":"closed","template":"","meta":{"footnotes":""},"class_list":["post-1719","page","type-page","status-publish","hentry"],"blocksy_meta":[],"_links":{"self":[{"href":"https:\/\/dreamonmed.com\/de\/wp-json\/wp\/v2\/pages\/1719","targetHints":{"allow":["GET"]}}],"collection":[{"href":"https:\/\/dreamonmed.com\/de\/wp-json\/wp\/v2\/pages"}],"about":[{"href":"https:\/\/dreamonmed.com\/de\/wp-json\/wp\/v2\/types\/page"}],"author":[{"embeddable":true,"href":"https:\/\/dreamonmed.com\/de\/wp-json\/wp\/v2\/users\/6"}],"replies":[{"embeddable":true,"href":"https:\/\/dreamonmed.com\/de\/wp-json\/wp\/v2\/comments?post=1719"}],"version-history":[{"count":0,"href":"https:\/\/dreamonmed.com\/de\/wp-json\/wp\/v2\/pages\/1719\/revisions"}],"up":[{"embeddable":true,"href":"https:\/\/dreamonmed.com\/de\/wp-json\/wp\/v2\/pages\/1299"}],"wp:attachment":[{"href":"https:\/\/dreamonmed.com\/de\/wp-json\/wp\/v2\/media?parent=1719"}],"curies":[{"name":"wp","href":"https:\/\/api.w.org\/{rel}","templated":true}]}}

Dr. Sárvári Katalin

<div class="wp-block-stackable-columns stk-block-columns stk--hide-tablet stk--hide-mobile stk-block stk-f6b3205" data-block-id="f6b3205"><div class="stk-row stk-inner-blocks stk-block-content stk-content-align stk-f6b3205-column">
<div class="wp-block-stackable-column stk-block-column stk-column stk-block stk-77d5049" data-v="4" data-block-id="77d5049"><div class="stk-column-wrapper stk-block-column__content stk-container stk-77d5049-container stk--no-background stk--no-padding"><div class="stk-block-content stk-inner-blocks stk-77d5049-inner-blocks">
<div class="wp-block-stackable-image stk-block-image stk-block stk-2c89047" data-block-id="2c89047"><style>.stk-2c89047 .stk-img-wrapper{width:100% !important;}.stk-2c89047 .stk-img-wrapper img{border-radius:20px !important;object-position:45% 27% !important;}</style><figure><span class="stk-img-wrapper stk-image--shape-stretch"><img fetchpriority="high" decoding="async" class="stk-img wp-image-1682" src="https://dreamonmed.com/wp-content/uploads/2025/11/dr-sarvari-katalin-facharztin-fur-chirurgie-und-gefaschirurgie-dreamonmed.webp" width="450" height="675" alt="Dr Sárvári Katalin, Fachärztin für Chirurgie und Gefäßchirurgie, Dream On Med plastic" srcset="https://dreamonmed.com/wp-content/uploads/2025/11/dr-sarvari-katalin-facharztin-fur-chirurgie-und-gefaschirurgie-dreamonmed.webp 450w, https://dreamonmed.com/wp-content/uploads/2025/11/dr-sarvari-katalin-facharztin-fur-chirurgie-und-gefaschirurgie-dreamonmed-200x300.webp 200w" sizes="(max-width: 450px) 100vw, 450px" /></span></figure></div>
</div></div></div>



<div class="wp-block-stackable-column stk-block-column stk-column stk-block stk-c52b172" data-v="4" data-block-id="c52b172"><div class="stk-column-wrapper stk-block-column__content stk-container stk-c52b172-container stk--no-background stk--no-padding"><div class="stk-block-content stk-inner-blocks stk-c52b172-inner-blocks">
<div class="wp-block-stackable-heading stk-block-heading stk-block-heading--v2 stk-block stk-028b0e8" id="facharztin-fur-chirurgie-und-gefasschirurgie" data-block-id="028b0e8"><style>.stk-028b0e8 .stk-block-heading__text{font-size:25px !important;}@media screen and (max-width:999px){.stk-028b0e8 .stk-block-heading__text{font-size:25px !important;}}@media screen and (max-width:689px){.stk-028b0e8 .stk-block-heading__text{font-size:22px !important;}}</style><h2 class="stk-block-heading__text">Fachärztin für Chirurgie und Gefäßchirurgie</h2></div>



<div class="wp-block-stackable-text stk-block-text stk-block stk-d92f314" data-block-id="d92f314"><p class="stk-block-text__text">Ich bin Dr. Sárvári Katalin, Fachärztin für Chirurgie und Gefäßchirurgie.</p></div>



<p>Mein Medizinstudium habe ich an der Medizinischen Fakultät der Universität Pécs abgeschlossen. Während meines Studiums war ich wissenschaftliche Mitarbeiterin und Demonstratorin am Institut für Chirurgische Lehre und Forschung.</p>



<p>Seit September 2015 arbeite ich in der Abteilung für Gefäßchirurgie des Universitätsklinik Petz Aladár in Győr-Moson-Sopron. Im Jahr 2021 habe ich meine Facharztprüfung in Chirurgie und im Jahr 2025 in Gefäßchirurgie mit der Note „sehr gut” abgeschlossen.</p>



<p>Im Rahmen meiner täglichen Arbeit bin ich aktiv in der Arbeit der Abteilung für Gefäßchirurgie und der Fachambulanz für Gefäßchirurgie sowie im Bereitschaftsdienst tätig. Ich habe Erfahrung in der Untersuchung, Versorgung und chirurgischen Behandlung von Patienten mit Gefäßverengungen, in der Therapie chronischer Wunden und diabetischer Füße sowie in der chirurgischen und konservativen Behandlung von Krampfadern.</p>



<p>Zuvor war ich in der chirurgischen Abteilung und im chirurgischen Bereitschaftsdienst tätig und habe in einer privaten Einrichtung als Assistentin bei plastischen und chirurgischen Eingriffen mitgewirkt.</p>



<p>Ich habe eine höhere Fachprüfung in Englisch abgelegt und spreche außerdem Deutsch auf Konversationsniveau.</p>



<p>Als Mitglied des Dream On Med-Teams konzentriere ich mich hauptsächlich auf die Behandlung und chirurgische Versorgung von Patienten mit Krampfadern sowie auf die Behandlung von Besenreisern und Krampfadern, die ästhetische Probleme verursachen.</p>
</div></div></div>
</div></div>



<div class="wp-block-stackable-columns stk-block-columns stk--hide-desktop stk-block stk-7766453" data-block-id="7766453"><div class="stk-row stk-inner-blocks stk-block-content stk-content-align stk-7766453-column">
<div class="wp-block-stackable-column stk-block-column stk-column stk-block stk-f93d2ef" data-v="4" data-block-id="f93d2ef"><div class="stk-column-wrapper stk-block-column__content stk-container stk-f93d2ef-container stk--no-background stk--no-padding"><div class="stk-block-content stk-inner-blocks stk-f93d2ef-inner-blocks">
<div class="wp-block-stackable-image stk-block-image stk-block stk-a4fb7bf" data-block-id="a4fb7bf"><style>.stk-a4fb7bf .stk-img-wrapper{width:100% !important;}.stk-a4fb7bf .stk-img-wrapper img{border-radius:20px !important;object-position:45% 27% !important;}</style><figure><span class="stk-img-wrapper stk-image--shape-stretch"><img fetchpriority="high" decoding="async" class="stk-img wp-image-1682" src="https://dreamonmed.com/wp-content/uploads/2025/11/dr-sarvari-katalin-facharztin-fur-chirurgie-und-gefaschirurgie-dreamonmed.webp" width="450" height="675" alt="Dr Sárvári Katalin, Fachärztin für Chirurgie und Gefäßchirurgie, Dream On Med plastic" srcset="https://dreamonmed.com/wp-content/uploads/2025/11/dr-sarvari-katalin-facharztin-fur-chirurgie-und-gefaschirurgie-dreamonmed.webp 450w, https://dreamonmed.com/wp-content/uploads/2025/11/dr-sarvari-katalin-facharztin-fur-chirurgie-und-gefaschirurgie-dreamonmed-200x300.webp 200w" sizes="(max-width: 450px) 100vw, 450px" /></span></figure></div>
</div></div></div>



<div class="wp-block-stackable-column stk-block-column stk-column stk-block stk-8543836" data-v="4" data-block-id="8543836"><div class="stk-column-wrapper stk-block-column__content stk-container stk-8543836-container stk--no-background stk--no-padding"><div class="stk-block-content stk-inner-blocks stk-8543836-inner-blocks">
<div class="wp-block-stackable-heading stk-block-heading stk-block-heading--v2 stk-block stk-74717d5" id="facharztin-fur-chirurgie-und-gefasschirurgie" data-block-id="74717d5"><style>.stk-74717d5 .stk-block-heading__text{font-size:25px !important;}@media screen and (max-width:999px){.stk-74717d5 .stk-block-heading__text{font-size:25px !important;}}@media screen and (max-width:689px){.stk-74717d5 .stk-block-heading__text{font-size:22px !important;}}</style><h2 class="stk-block-heading__text">Fachärztin für Chirurgie und Gefäßchirurgie</h2></div>



<div class="wp-block-stackable-text stk-block-text stk-block stk-c95abf8" data-block-id="c95abf8"><p class="stk-block-text__text">Ich bin Dr. Sárvári Katalin, Fachärztin für Chirurgie und Gefäßchirurgie.</p></div>



<p>Mein Medizinstudium habe ich an der Medizinischen Fakultät der Universität Pécs abgeschlossen. Während meines Studiums war ich wissenschaftliche Mitarbeiterin und Demonstratorin am Institut für Chirurgische Lehre und Forschung.</p>



<p>Seit September 2015 arbeite ich in der Abteilung für Gefäßchirurgie des Universitätsklinik Petz Aladár in Győr-Moson-Sopron. Im Jahr 2021 habe ich meine Facharztprüfung in Chirurgie und im Jahr 2025 in Gefäßchirurgie mit der Note „sehr gut” abgeschlossen.</p>



<p>Im Rahmen meiner täglichen Arbeit bin ich aktiv in der Arbeit der Abteilung für Gefäßchirurgie und der Fachambulanz für Gefäßchirurgie sowie im Bereitschaftsdienst tätig. Ich habe Erfahrung in der Untersuchung, Versorgung und chirurgischen Behandlung von Patienten mit Gefäßverengungen, in der Therapie chronischer Wunden und diabetischer Füße sowie in der chirurgischen und konservativen Behandlung von Krampfadern.</p>



<p>Zuvor war ich in der chirurgischen Abteilung und im chirurgischen Bereitschaftsdienst tätig und habe in einer privaten Einrichtung als Assistentin bei plastischen und chirurgischen Eingriffen mitgewirkt.</p>



<p>Ich habe eine höhere Fachprüfung in Englisch abgelegt und spreche außerdem Deutsch auf Konversationsniveau.</p>



<p>Als Mitglied des Dream On Med-Teams konzentriere ich mich hauptsächlich auf die Behandlung und chirurgische Versorgung von Patienten mit Krampfadern sowie auf die Behandlung von Besenreisern und Krampfadern, die ästhetische Probleme verursachen.</p>
</div></div></div>
</div></div>



<h2 class="wp-block-heading">Wenden Sie sich auch bei folgenden Beschwerden und Problemen vertrauensvoll an mich:</h2>



<ul class="wp-block-list">
<li>Venenentzündung</li>



<li>Chronische Veneninsuffizienz, postthrombotisches Syndrom</li>



<li>Untersuchung und Behandlung von Gefäßverengungen</li>



<li>Gangstörungen, Claudicatio</li>



<li>Karotisstenose</li>



<li>Arterienerweiterungen (Aneurysmen)</li>



<li>Befundbesprechung</li>



<li>Fachärztliche Empfehlung, Verschreibung</li>
</ul>



<p>In einer ruhigen, sicheren Umgebung erwarte ich meine lieben Patienten, um ihnen nach einer gründlichen Untersuchung mit einem individuell abgestimmten Behandlungsplan wieder zu einem leichteren Alltag zu verhelfen!</p>

<p>Fachärztin für Chirurgie und Gefäßchirurgie Ich bin Dr. Sárvári Katalin, Fachärztin für Chirurgie und Gefäßchirurgie. Mein Medizinstudium habe ich an der Medizinischen Fakultät der Universität Pécs abgeschlossen. Während meines Studiums war ich wissenschaftliche Mitarbeiterin und Demonstratorin am Institut für Chirurgische Lehre und Forschung. Seit September 2015 arbeite ich in der Abteilung für Gefäßchirurgie des Universitätsklinik [&hellip;]</p>
